 12*x + 2*x - 168. Suppose -5*b + 16 = 9*g - 10*g, x = -2*b + 5*g. What is y(b)?
-4
Let w be (-50)/(-16) - 58/464. Let b(t) be the first derivative of 1/4*t**4 + t + 2/3*t**w + t**2 + 15. What is b(-3)?
-14
Let a(h) be the first derivative of -h**3/3 + 3*h**2 - h - 950. Give a(0).
-1
Let x(b) = 7*b + 4. Let n = 22 + -11. Let j(h) = -h**2 + 7*h + 45. Let f be j(n). Let c be (0 - f - 1)*(-12 - -14). Calculate x(c).
-24
Let m(u) = 15*u**2 - 3*u - 2. Let q(r) = -r**3 + 6*r**2 + 31*r + 490. Let o be q(12). What is m(o)?
64
Let r(k) = -128*k + 24 + 261*k - 132*k + 14. Calculate r(-15).
23
Let w be (750/(-100))/((-5)/4). Let h(b) = -87*b + 4 + 3 - w + 94*b. What is h(-6)?
-41
Suppose 3*j - 2 = j. Let z(u) = 8*u - 12*u**2 - 2*u**2 - 18*u + 1 - 2*u**2 + 8*u. Calculate z(j).
-17
Suppose -12 = 3*k - 7*k. Let i(q) = -8 + 2 - k*q - 3. Give i(-4).
3
Let a(k) = k**2 + 9*k + 6. Let r(c) = 2*c + 19*c**3 - 11*c**2 - 21*c**3 + 4 + c**2. Let q be r(-5). Give a(q).
-12
Let q(k) = -k**2 + 6*k. Let t = 5 - -1. Let p be q(t). Let w(g) be the second derivative of -g**5/20 - g**4/12 + g**3/6 + 8*g**2 - 87*g. Determine w(p).
16
Let k(x) = x**3 + x**2 + 4*x - 1. Suppose -104*b + 194 = 13*b - 20*b. Give k(b).
19
Let m(d) = d**3 - 4*d**2 - 215*d + 1053. Let j be m(5). Let x(z) be the first derivative of z**3/3 + z**2 - 2. Calculate x(j).
15
Suppose -14*i + 10*i + 40 = 0. Let h(p) = 0*p - 2834 - i*p**2 - p + 2836 + p**3. Determine h(10).
-8
Let n be 3*5*1/5. Suppose -n*y + 10 = 3*a - 2*y, -a - y + 4 = 0. Let d(l) = -2*l**3 + 2*l**2 - l**2 - 2 + 5*l + l**3. Give d(a).
-5
Let h(k) = 2100*k - 119. Let n(j) = -268*j + 15. Let t(a) = 6*h(a) + 47*n(a). Let b(y) = y**3 + 5*y**2 + 5*y + 4. Let r be b(-3). Calculate t(r).
19
Let j(w) be the third derivative of w**4/8 - w**3/6 - 1889*w**2. What is j(-2)?
-7
Let k = -147 - -163. Suppose -9*d = 29 + k. Let y(m) = m**3 + m + 7*m**2 - 7 - 2*m + 7*m. Calculate y(d).
13
Let k be -1*2*1*(133/(-114))/1. Let j(d) be the second derivative of 11/12*d**4 - k*d**3 + 1/20*d**5 + 0 + 3*d - 9*d**2. Calculate j(-12).
6
Let u(q) = 10*q + 9*q**2 - 11*q - 8*q**2. Let y(s) = 2*s**2 - 2*s + 4. Let b(f) = 3*u(f) - y(f). Suppose 18 = 5*r + 3. Calculate b(r).
2
Let g(j) be the second derivative of -j**3/6 + 3*j**2 + 2*j. Let a(d) = 114*d**2 + 7*d - 3. Let y be a(1). Let b = -111 + y. Determine g(b).
-1
Let c(u) = 5*u**2 + 62*u - 533. Let a(g) = 3*g**2 + 42*g - 355. Let m(w) = -8*a(w) + 5*c(w). What is m(14)?
7
Let t(d) = d**3 + 8*d**2 + 15*d + 55. Let l be t(-7). Let f(v) = 4*v**3 - 2*v**2 - 7*v - 6. Determine f(l).
-5
Let m(o) = o**2 - 25*o + 158. Let q be m(11). Let f(j) = -14 + 3*j + q + 35 - 2 + 4. Give f(-9).
0
Let s(w) = -4*w**2 - 9*w. Suppose 0 = 3*z + 3*l - 97 + 106, 5*z - 4*l + 24 = 0. What is s(z)?
-28
Let h(i) = -i**2 - 3*i + 212 - 433 + 224. Let u(s) = -s**3 + 3*s**2 + 2*s + 4. Let f be u(4). What is h(f)?
-1
Let w = 25 + -22. Let l(t) = 592*t**w - 593*t**3 - 3*t - 6*t - 9*t**2 - 8. Calculate l(-8).
0
Let a = -4953 + 4956. Let p(f) be the second derivative of 1/6*f**a + 0 + 0*f**2 - 3*f. Give p(-6).
-6
Let k(n) be the first derivative of -n**4/4 - n**3/3 - n**2 + n - 5830. Suppose -2*f - 3 = 1. Give k(f).
9
Suppose -2*q + 4 = -2. Let p(x) = x - q - x - 4*x**2 - 4*x. Let w be -13 - (4/(-42) + (58395/315)/(-17)). Give p(w).
-11
Let r(m) = -2*m**2 + 22*m - 10. Let b(w) = -7*w**2 + 61*w - 30. Let i(s) = -b(s) + 3*r(s). Let k(n) = n**3 - 2*n - 2. Let q be k(-2). What is i(q)?
6
Let h(d) be the first derivative of -2*d**2 + 46*d + 7135. Determine h(23).
-46
Let c(w) = -3*w + 25. Let z be c(8). Let t(l) be the second derivative of 0*l**2 + 3/2*l**3 + 0 + 10*l. Determine t(z).
9
Let t be (192/30 - 6) + 56/10. Suppose 0 = t*z - 28 + 4. Let b be (2/z)/(18/(-36)). Let w(h) = 3*h**2 - h - 1. Determine w(b).
3
Let j(w) = -6*w + 4. Suppose -4*l + 5 = -3*p, -128*p + 4*l - 12 = -124*p. What is j(p)?
46
Let k(r) = -98*r - 5*r - 4*r + 101*r. Determine k(-15).
90
Let d(c) be the first derivative of -22/3*c**3 + 0*c**2 - 4 + 0*c - 1/12*c**4 - 1/24*c**5. Let l(r) be the third derivative of d(r). What is l(-3)?
13
Let w(l) = 1952*l + 133 - 169 - 1933*l. What is w(2)?
2
Suppose -31 - 4 = 5*y. Let l(k) = -20*k**2 - 32*k - 999. Let b(g) = -7*g**2 - 11*g - 353. Let h(m) = -17*b(m) + 6*l(m). What is h(y)?
-7
Let f(y) = y**3 + 10*y**2 + 10*y + 2. Let w(s) = -6*s - 272. Let u be w(-51). Suppose 4*x + 65 = -5*t, 2*t - t = -5*x - u. Calculate f(t).
-7
Suppose 12 = -3*o - 3. Let u(z) = 7*z**2 + 226*z - 849. Let q(g) = -2*g**2 - 64*g + 240. Let t(x) = 46*q(x) + 13*u(x). What is t(o)?
8
Let q(a) be the second derivative of a**5/20 + a**4/3 + a**3/6 + 3*a**2/2 + 77*a - 2. Calculate q(-4).
-1
Let y(z) = z**2 - 3*z + 2. Let n(v) = v**3 + 30*v**2 - 20*v - 25. Let m(t) = n(t) + 6*y(t). Calculate m(-37).
24
Let g(p) = 4 + 104*p**3 - 79*p**3 - 24*p**3 + 7*p**2 - 5*p. Calculate g(-8).
-20
Let s(w) = -11*w**2 + 47*w + 3*w**2 + 19*w**2 - 14 - 13*w**2. Give s(23).
9
Suppose -4*c = 6*c - 20. Let n(w) = 2 - 4*w + 3*w + c*w - 11. Let d be n(7). Let j(q) = q**2 - 2. Calculate j(d).
2
Let j(a) = -45*a + 55*a**2 + 16*a - 54*a**2 + 12 + 42 + 86. Let m be j(23). Let s(f) = f**3 - 2*f**2 + f - 1. What is s(m)?
1
Suppose 0 = -25*y - 12 + 62. Let q(o) = 2*o + 6 - 14 + 3 + 5 + 4*o**y. Calculate q(2).
20
Let s(n) = 5*n + 10. Let y be s(-8). Let w = -28 - y. Let u(v) be the third derivative of -5*v**4/24 - v**3/3 + 16*v**2. What is u(w)?
-12
Let q(c) = 20*c + 2. Suppose 7*g - 230 + 195 = 0. Suppose -2*y + 12 = -g*o, -2*y + 4 = -2*o - 2. Calculate q(o).
-38
Let w(t) = 252 + 15*t + 260 - 535 - 2*t**2. Let c be w(5). Let g(q) = -q**3 + 3*q - 1. What is g(c)?
-3
Let l = 38 + -32. Let f(v) = -6*v - 13. Determine f(l).
-49
Let q(y) = -9*y**2 - 21*y + 34. Let l(o) = -5*o**2 - 11*o + 17. Let v be 14/126 + (-64)/9. Let p(d) = v*l(d) + 4*q(d). Give p(-8).
9
Let h(r) = 368*r - 60*r - 313*r + 83. Determine h(18).
-7
Let n(d) = d - 10. Let r be -2*189/18*(-5)/7. Determine n(r).
5
Let q(a) = -4*a**2 + 2 + a**3 + a + 2*a + 0. Let h(j) = -j**2 - 11*j - 24. Let b be h(-7). Suppose 53 + b = 19*m. Determine q(m).
2
Suppose -4*g + 806 = 3*u, -3*g = -7*u + 11*u - 1063. Let i = 269 - u. Let s(h) = -3*h + 16. Calculate s(i).
-5
Let l(t) = t - 20360 - 7972*t**2 - t**3 + 7979*t**2 + 20350. Suppose 0*x = 4*x - 5*p - 18, 4*p = 5*x - 27. Give l(x).
-3
Let x(c) = -5*c**2 - 20*c + 5 + 115 + 6 - 143. What is x(-6)?
-77
Let r be (117/24 - 0) + (-4)/(-32). Suppose 0 = -2*d + 4*p + 22, 1 = d - r*p - 13. Let f(c) = c**2 - 10*c + 4. Calculate f(d).
-5
Let x(i) = -59*i + 284. Suppose 60 = -7674*q + 7686*q. Calculate x(q).
-11
Suppose -18*q + 112 = -2*q. Suppose q - 5 = o. Suppose o*w + 3*w = -35. Let g(b) = -b + 3. Determine g(w).
10
Let x(m) = -1 + 6 - 4 + 6. Let b(k) = -k. Let l(d) = -b(d) + x(d). Let o(z) = -3*z + 97. Let y be o(34). Calculate l(y).
2
Suppose -10177 = -4*i - 10197. Let u(d) = 17*d + 82. Give u(i).
-3
Let h(z) = 17*z + 2. Let f be h(-4). Let p = 68 + f. Let k(t) = -t**3 + 1 + p*t + 0 + 4 - 9 - 3*t**2. Determine k(-3).
-10
Let u(v) = -37*v - 30. Let z be u(4). Let q = -183 - z. Let h(w) = -2*w + 2. Determine h(q).
12
Suppose -2*m - 3 + 7 = 0. Let g(h) = -7*h - m*h**2 - 2*h**2 + 5*h**2. Suppose -22060 = -4*j + 5*y - 22069, 6*j - 19 = y. What is g(j)?
-12
Let h(p) = p + 11. Let g be h(-11). Let s(j) = 54*j + 62*j - 2 - 117*j - 3. Determine s(g).
-5
Let c(q) = 3*q**2 - 9*q - 46. Let p = -9918 + 9913. Determine c(p).
74
Let n(p) = p**3 + 2*p**2 - 3*p - 1. Let f be ((-320)/65)/16 + 48/(-13). Calculate n(f).
-21
Let p(n) = -n**3 - 26*n**2 - 25*n + 5. Let o be p(-25). Suppose 0 = -o*d + k + 2*k + 70, d = -k + 6. Let z(j) = j**3 - 10*j**2 - 12*j - 4. Calculate z(d).
-15
Let d(x) = x + 15. Let f = -50 + 49. Let b be f - (-3 - -2) - 36/(-3). Let s be 2/12 + ((-158)/b - -2). Calculate d(s).
4
Let a(o) = 82*o + 68*o + 178 - 35*o - 1298 + 72*o. What is a(6)?
2
Let u = 452 + -434. Let p(d) = -34*d**3 + u*d**2 + 36*d**3 - 2 - 3*d - 21*d**2. Determine p(-2).
-24
Let l(c) = -4*c + 1. Let q = -40 - -70. Let m be 2*6/q + (-36)/15. Give l(m).
9
Let g = 284 + -463. Let w = g + 177. Let r(k) = -k + 1. What is r(w)?
3
Suppose -3*v - 15 = -3. Let a(h) = h**3 + 7*h**2 + 2*h - 1. Let w(c) = 2*c**2 + 2*c + 1. Let g(f) = -a(f) + w(f). Give g(v).